{"id":42,"date":"2025-11-19T13:51:14","date_gmt":"2025-11-19T13:51:14","guid":{"rendered":"https:\/\/hurdakagitdonusum.com\/?page_id=42"},"modified":"2025-11-19T13:58:34","modified_gmt":"2025-11-19T13:58:34","slug":"karton-ambalaj-atigi","status":"publish","type":"page","link":"https:\/\/hurdakagitdonusum.com\/?page_id=42","title":{"rendered":"Karton &amp; Ambalaj At\u0131\u011f\u0131"},"content":{"rendered":"\n<figure class=\"wp-block-image size-full\"><img loading=\"lazy\" decoding=\"async\" width=\"250\" height=\"250\" src=\"https:\/\/hurdakagitdonusum.com\/wp-content\/uploads\/2025\/11\/hurdakagitdonusum1-1.jpg\" alt=\"\" class=\"wp-image-44\" srcset=\"https:\/\/hurdakagitdonusum.com\/wp-content\/uploads\/2025\/11\/hurdakagitdonusum1-1.jpg 250w, https:\/\/hurdakagitdonusum.com\/wp-content\/uploads\/2025\/11\/hurdakagitdonusum1-1-150x150.jpg 150w\" sizes=\"auto, (max-width: 250px) 100vw, 250px\" \/><\/figure>\n\n\n\n<p>Karton, i\u015fletmelerin en \u00e7ok biriken at\u0131\u011f\u0131d\u0131r. D\u00fczenli toplan\u0131p geri d\u00f6n\u00fc\u015ft\u00fcr\u00fcld\u00fc\u011f\u00fcnde hem maliyet d\u00fc\u015fer hem de \u00e7evre korunur. Ambalaj at\u0131klar\u0131n\u0131n ayr\u0131\u015ft\u0131r\u0131lmas\u0131, fabrika ve depolarda operasyonu kolayla\u015ft\u0131r\u0131r. Bu malzeme, yeniden ka\u011f\u0131t \u00fcretimine kazand\u0131r\u0131l\u0131r ve s\u00fcrd\u00fcr\u00fclebilir d\u00f6ng\u00fc sa\u011flan\u0131r. \u0130\u015fletmeler, d\u00fczenli toplama hizmeti sayesinde at\u0131k y\u00f6netimini d\u00fczene sokar.<\/p>\n","protected":false},"excerpt":{"rendered":"<p>Karton, i\u015fletmelerin en \u00e7ok biriken at\u0131\u011f\u0131d\u0131r. D\u00fczenli toplan\u0131p geri d\u00f6n\u00fc\u015ft\u00fcr\u00fcld\u00fc\u011f\u00fcnde hem maliyet d\u00fc\u015fer hem de \u00e7evre korunur. Ambalaj at\u0131klar\u0131n\u0131n ayr\u0131\u015ft\u0131r\u0131lmas\u0131, fabrika ve depolarda operasyonu kolayla\u015ft\u0131r\u0131r. Bu malzeme, yeniden ka\u011f\u0131t \u00fcretimine kazand\u0131r\u0131l\u0131r ve s\u00fcrd\u00fcr\u00fclebilir d\u00f6ng\u00fc sa\u011flan\u0131r. \u0130\u015fletmeler, d\u00fczenli toplama hizmeti sayesinde at\u0131k y\u00f6netimini d\u00fczene sokar.<\/p>\n","protected":false},"author":1,"featured_media":0,"parent":0,"menu_order":0,"comment_status":"closed","ping_status":"closed","template":"","meta":{"footnotes":""},"class_list":["post-42","page","type-page","status-publish","hentry"],"_links":{"self":[{"href":"https:\/\/hurdakagitdonusum.com\/index.php?rest_route=\/wp\/v2\/pages\/42","targetHints":{"allow":["GET"]}}],"collection":[{"href":"https:\/\/hurdakagitdonusum.com\/index.php?rest_route=\/wp\/v2\/pages"}],"about":[{"href":"https:\/\/hurdakagitdonusum.com\/index.php?rest_route=\/wp\/v2\/types\/page"}],"author":[{"embeddable":true,"href":"https:\/\/hurdakagitdonusum.com\/index.php?rest_route=\/wp\/v2\/users\/1"}],"replies":[{"embeddable":true,"href":"https:\/\/hurdakagitdonusum.com\/index.php?rest_route=%2Fwp%2Fv2%2Fcomments&post=42"}],"version-history":[{"count":2,"href":"https:\/\/hurdakagitdonusum.com\/index.php?rest_route=\/wp\/v2\/pages\/42\/revisions"}],"predecessor-version":[{"id":45,"href":"https:\/\/hurdakagitdonusum.com\/index.php?rest_route=\/wp\/v2\/pages\/42\/revisions\/45"}],"wp:attachment":[{"href":"https:\/\/hurdakagitdonusum.com\/index.php?rest_route=%2Fwp%2Fv2%2Fmedia&parent=42"}],"curies":[{"name":"wp","href":"https:\/\/api.w.org\/{rel}","templated":true}]}}